-0*p, -4*p + 128 = 4*h. What is the remainder when p is divided by 6?
3
Suppose 0 = -5*l - 32 + 57. Suppose -54 = -a - l*j + 9*j, -a - 3*j + 19 = 0. What is the remainder when 101 is divided by a?
33
Let n be -5 - (-4 + 2) - 69*-3. Let t = n - 86. Calculate the remainder when t is divided by 31.
25
Suppose -4*r - 5*l = -179, -5*l + 4*l - 260 = -5*r. Let o(b) = -19*b + 2. Calculate the remainder when r is divided by o(-1).
9
Let v = 996 - 983. Calculate the remainder when 519 is divided by v.
12
Suppose -2537 - 673 = -10*w. Calculate the remainder when w is divided by 46.
45
Let j(a) = -a**3 + 29*a**2 - 24*a + 7. Calculate the remainder when j(28) is divided by 21.
14
Let g be (2/4)/((-1)/(-1358)). What is the remainder when 15 is divided by (-4)/(-22) + g/77?
6
Suppose -4 = 5*i + 3*x + 11, 0 = -3*i - x - 9. Let o(y) = 2*y**2 - y + 4. Calculate the remainder when ((-18)/8)/((-1)/44) is divided by o(i).
24
Let i be (-13)/(-2)*(-4)/2. Let v = -10 - i. Suppose -v*h = -54 - 33. Calculate the remainder when h is divided by 10.
9
Let k = -366 - -410. What is the remainder when k is divided by 17?
10
Let i = -204 + 239. What is the remainder when i is divided by 13?
9
Let r = 813 + -800. Calculate the remainder when 51 is divided by r.
12
Let y(q) = -q**3 - 24*q**2 - q + 15. What is the remainder when 110 is divided by y(-24)?
32
Let t(j) = -2*j**2 + 8*j + 5. Let u be t(4). Suppose 5*i + 30 = u*r, 28 + 24 = 4*r + 3*i. Calculate the remainder when 28 is divided by r.
8
Suppose 86*u + 75 = 81*u. Calculate the remainder when 28 is divided by 12*(u/10)/(-1).
10
Suppose -x = -3*u + 2 - 28, u = -4. Suppose -2 + x = 4*o. Calculate the remainder when 5*7 - (o - 5) is divided by 8.
5
Let f = 27 + -15. Let n(j) = -j**3 - 11*j**2 + 11*j - 16. Let z be n(-12). Calculate the remainder when -3*((-872)/120 - z/(-10)) is divided by f.
11
Suppose 4 = -2*o - 5*m, -3*o + 19 = 6*m - 11*m. What is the remainder when 16 is divided by o?
1
Suppose 176 = m - 3*t - 51, t - 721 = -3*m. Calculate the remainder when m is divided by 5.
4
Suppose 62 = 4*z + 2*n, -4*z = -4*n - 28 - 52. What is the remainder when z is divided by 7?
3
Let j be (-2*2)/(-1 + 3). Let g be 3 + j - 1/(-1). What is the remainder when 10 is divided by ((-24)/(-20))/(g/10)?
4
Let q(t) = 2*t**2 + 15*t + 10. Let c be q(-7). Suppose 0 = -0*i + c*i - 432. What is the remainder when i is divided by 29?
28
Suppose -21*r - 27 + 5004 = 0. What is the remainder when r is divided by 20?
17
Let m = 424 - 420. Calculate the remainder when 13 is divided by m.
1
Calculate the remainder when 470 is divided by 9/288*424 + 3/4.
8
Suppose 8*o - 4*o = 36. Suppose 1 = -3*s + 2*l + 3*l, 0 = -5*s + 3*l + o. Suppose -204 + 18 = -s*q. Calculate the remainder when q is divided by 16.
14
Suppose -27 = -2*c + 89. Calculate the remainder when c is divided by 1 - -7 - -1*2.
8
Let o(d) = 34*d - 252. Calculate the remainder when o(9) is divided by 31.
23
Suppose -4*n - 90 = -t - 38, 5*t + 3*n - 260 = 0. What is the remainder when 724 is divided by t?
48
Calculate the remainder when (65 - 0)/(((-60)/100)/(-3)) is divided by 109.
107
Suppose -4*q + 7*z + 109 = 10*z, 5*z - 65 = -2*q. Calculate the remainder when 56 is divided by q.
6
Let s(u) = -5*u**2 - u + 6. Let j be s(3). Let w = j + 65. Calculate the remainder when 63 is divided by w.
17
Suppose 0 = 8*r - r - 105. Suppose 5*m + r = 185. What is the remainder when m is divided by 12?
10
Suppose 8*l = 4*o + 10*l - 92, 5*l = 4*o - 64. Calculate the remainder when 816 is divided by o.
18
Suppose -5*i - u = -99, 0*i - 4*u = 5*i - 96. Let o(g) = -12*g - 25. What is the remainder when o(-12) is divided by i?
19
Let c = 76 - 37. Calculate the remainder when 143/(-2 + 3) - -6 is divided by c.
32
Suppose 39*o + 72 = 48*o. Let t = -11 - -25. What is the remainder when t is divided by o?
6
Suppose 5*i - 5*h = -7*h + 329, 2*i - 125 = -3*h. Let l(y) = -33*y**3 + 2*y**2 + 2*y + 1. What is the remainder when i is divided by l(-1)?
33
Suppose 22*v + 304 = 30*v. What is the remainder when 415 is divided by v?
35
What is the remainder when 222 is divided by 33 + ((-2574)/319 - 10/(-145))?
22
Suppose 0 = -c + 3*x - 0*x + 43, 0 = -5*c - 4*x + 177. Suppose 16*k - 24 = 13*k. Calculate the remainder when c is divided by k.
5
Suppose 0*v + 5*v = 30. Let i(x) be the first derivative of 3*x**3 + x - 1. Calculate the remainder when i(-1) is divided by v.
4
Let b(s) = 255*s - 9. Calculate the remainder when b(1) is divided by 38.
18
Let y = 84 - 14. What is the remainder when y is divided by 37?
33
Suppose 0 = -4*r + 4*o + 52, -4*r + 0*o = 5*o - 97. Suppose -4*t + t - r = 0. Calculate the remainder when 13 is divided by (t/6)/((-2)/10).
3
Let j be (-3)/1 + (-36)/(-6). Suppose 0 = -j*l - 47 + 185. Calculate the remainder when l is divided by 16.
14
Let v be (21/42)/((-1)/194). Suppose 0*y = 3*y + 201. Let d = y - v. Calculate the remainder when d is divided by 8.
6
Suppose -4*n + 691 = y, 363 = 2*n - 4*y + y. What is the remainder when n is divided by 35?
34
Suppose g = -t + 48, -4*g = -t + 36 + 32. Calculate the remainder when t is divided by 27.
25
What is the remainder when 7*5 - (-19)/(114/(-18)) is divided by 21?
11
Let w = 79 - -80. What is the remainder when w is divided by 23?
21
Let x = 10 + -2. Let f(a) = -8*a**3 - a. Let u be f(-1). Suppose w + 9 = 2*l, w + 3 = 3*l - u. What is the remainder when x is divided by l?
2
Let r(b) = -b. Let m(k) = -22*k - 1. Let v(l) = -m(l) + 6*r(l). Let q(z) = -3*z - 13. What is the remainder when v(1) is divided by q(-6)?
2
Let p(r) = r**2 - 8*r. Let u be ((-36)/10)/(12/(-30)). Calculate the remainder when 25 is divided by p(u).
7
Let n(w) = -6*w - 24. Let v be n(-9). Suppose r = -s + 3, -5*s + v = -s - 2*r. What is the remainder when 15 is divided by s?
3
Suppose -98 = -2*j + 154. What is the remainder when j is divided by 44?
38
Let x = 267 + -247. Calculate the remainder when 117 is divided by x.
17
Suppose -355 = -25*g + 70. What is the remainder when 32 is divided by g?
15
Let j be (44*50)/2 - -1. Calculate the remainder when (-3)/9 + -1 - j/(-9) is divided by 41.
39
Suppose 42 = 7*j - 0. Suppose -j*t + 6 = -3*t. Suppose -t*v + 88 + 62 = 0. Calculate the remainder when v is divided by 19.
18
Let d(i) = i**3 - 2*i**2 + 3*i - 5. Let m be 2/7 + 76/28. What is the remainder when 23 is divided by d(m)?
10
Let i(q) = q**2 - 45. What is the remainder when i(8) is divided by 2?
1
Let r be 188/(-8)*(-4)/2. Let x(w) = w**3 - 5*w**2 - w - 5. Let i be x(6). Let j = r - i. What is the remainder when 42 is divided by j?
20
Let f(b) = -8*b + 1. Let r be f(-4). Let o = r + -13. Calculate the remainder when o is divided by ((-24)/(-27) + (-6)/27)*12.
4
Let w = -85 - -88. Suppose -w*y + 92 = 59. What is the remainder when 76 is divided by y?
10
Let j be 7 + -2 - (-16 - -12). Let c = j + 17. Calculate the remainder when 64 is divided by c.
12
Let a(c) = -47*c - 10. What is the remainder when a(-7) is divided by 40?
39
Let u = -5 + 0. Suppose -r = 2*r + 30. Let h = u - r. Calculate the remainder when h is divided by 4.
1
Let a(o) = -4*o**3 - 2*o**2 + o + 30. What is the remainder when a(-3) is divided by 22?
7
Suppose -5*a + 29 + 16 = 5*s, -5*a = -15. Suppose 3*x - 39 = -s. Let m(v) = -v**2 + 15*v - 7. What is the remainder when m(12) is divided by x?
7
Suppose -22*y + 37 = -161. Calculate the remainder when y is divided by 8/28 - (-52)/14.
1
Suppose 4*g + 129 + 11 = 0. Let n be 2 + 1*(g - -3). Calculate the remainder when -84*(n/9)/5 is divided by 19.
18
Let m(f) be the first derivative of f**4/4 + 5*f**3/3 - f**2 - 5*f + 12. Calculate the remainder when m(-5) is divided by 3.
2
Calculate the remainder when 225 is divided by 54 - 18/(-10 - -4).
54
Let r be 1/(3/(-6)) - (6 + -10). Let m = -1 - -1. Suppose r*f + 2*f - 12 = m, -f + 30 = 3*q. Calculate the remainder when 17 is divided by q.
8
Suppose 3*v - 817 = l, 0 = v - l + 4*l - 279. Calculate the remainder when (-1)/4 - v/(-4) is divided by 23.
22
Let s = -135 - -176. What is the remainder when 134 is divided by s?
11
Let a = -91 - -102. Suppose 0*o - 15 = -3*o. Suppose o*y - 103 = 52. What is the remainder when y is divided by a?
9
Let l(m) = -3*m. Let b be l(-3). Suppose 255 = 12*k - b*k. Calculate the remainder when k is divided